{"id":18,"date":"2019-10-21T20:13:51","date_gmt":"2019-10-21T18:13:51","guid":{"rendered":"http:\/\/interno-sprlu.be\/?page_id=18"},"modified":"2019-10-21T20:13:51","modified_gmt":"2019-10-21T18:13:51","slug":"a-propos-de","status":"publish","type":"page","link":"https:\/\/interno-sprlu.be\/index.php\/a-propos-de\/","title":{"rendered":"\u00c0 propos de"},"content":{"rendered":"<p>Vous pourriez \u00eatre un artiste et vouloir pr\u00e9senter vos travaux et vous m\u00eame ou encore \u00eatre une entreprise avec une mission \u00e0 promouvoir.<\/p>\n","protected":false},"excerpt":{"rendered":"<p>Vous pourriez \u00eatre un artiste et vouloir pr\u00e9senter vos travaux et vous m\u00eame ou encore \u00eatre une entreprise avec une mission \u00e0 promouvoir.<\/p>\n","protected":false},"author":1,"featured_media":15,"parent":0,"menu_order":0,"comment_status":"closed","ping_status":"closed","template":"","meta":[],"_links":{"self":[{"href":"https:\/\/interno-sprlu.be\/index.php\/wp-json\/wp\/v2\/pages\/18"}],"collection":[{"href":"https:\/\/interno-sprlu.be\/index.php\/wp-json\/wp\/v2\/pages"}],"about":[{"href":"https:\/\/interno-sprlu.be\/index.php\/wp-json\/wp\/v2\/types\/page"}],"author":[{"embeddable":true,"href":"https:\/\/interno-sprlu.be\/index.php\/wp-json\/wp\/v2\/users\/1"}],"replies":[{"embeddable":true,"href":"https:\/\/interno-sprlu.be\/index.php\/wp-json\/wp\/v2\/comments?post=18"}],"version-history":[{"count":1,"href":"https:\/\/interno-sprlu.be\/index.php\/wp-json\/wp\/v2\/pages\/18\/revisions"}],"predecessor-version":[{"id":24,"href":"https:\/\/interno-sprlu.be\/index.php\/wp-json\/wp\/v2\/pages\/18\/revisions\/24"}],"wp:featuredmedia":[{"embeddable":true,"href":"https:\/\/interno-sprlu.be\/index.php\/wp-json\/wp\/v2\/media\/15"}],"wp:attachment":[{"href":"https:\/\/interno-sprlu.be\/index.php\/wp-json\/wp\/v2\/media?parent=18"}],"curies":[{"name":"wp","href":"https:\/\/api.w.org\/{rel}","templated":true}]}}